 the prime factors of g?
2, 3, 67
Suppose 2*k + 3*o - 4052 = 0, -12*k + 17*k - 2*o = 10149. What are the prime factors of k?
2029
List the prime factors of 7/1 + 135 + 14 + 14.
2, 5, 17
Let c(f) = 36*f - 41. Let s be c(17). Suppose t + 3*y = -t + 380, s = 3*t + 5*y. List the prime factors of t.
11, 17
Let b(t) = -t**2 + 5*t + 3. Let h be b(5). Suppose 0 = -h*v + 78 + 81. List the prime factors of v.
53
Let j(q) = -5*q**3 - 3*q**2 - 12*q + 5. Let f(d) = -9*d**3 - 7*d**2 - 25*d + 10. Let b(g) = 6*f(g) - 11*j(g). List the prime factors of b(12).
13, 17
Suppose 2*n - 6*n = 4*h - 568, h - 559 = -4*n. Suppose -2*u + 2*q = -3*q - n, -q = 3*u - 183. What are the prime factors of u?
2, 31
Let b = -10 - -7. Let s = 5 + b. Let f(i) = 5*i**3 - 2*i**2 - 2*i + 1. List the prime factors of f(s).
29
Let j be (-16)/(-88) + (-13062)/(-33). Suppose -j = -4*a - 4. List the prime factors of a.
2, 7
Let i = -2255 - -4769. List the prime factors of i.
2, 3, 419
Suppose 0 = -5*j - 2*y - 36, -3*y - 3 = -2*j + j. List the prime factors of 62 + 3 + j + 0.
59
Suppose -n = -3*n + 3*p + 17, 0 = -5*n + 2*p + 70. Suppose 0 = n*m - 16 - 3248. List the prime factors of m.
2, 3, 17
Let i be (-616)/12*(-81)/6. Let c = i + -490. What are the prime factors of c?
7, 29
Let c be 4*-1*(-9)/18. List the prime factors of (-64)/(-48)*21/c.
2, 7
Suppose -11*l + 535 = -719. List the prime factors of l.
2, 3, 19
Let j(n) = n**2 + 7*n + 116. What are the prime factors of j(-23)?
2, 11
Let q be 297/4 - (-6)/(-24). Suppose -4*l + 122 = -q. Let g = l - 34. List the prime factors of g.
3, 5
Let s = -679 - -1027. Suppose 3*f + 3*a = 24 + s, -5*f + 604 = -3*a. What are the prime factors of f?
2, 61
List the prime factors of (-2910)/(-4) + ((-110)/(-20))/11.
2, 7, 13
Let a = 4418 - 402. List the prime factors of a.
2, 251
Suppose 408 = 5*g + g. What are the prime factors of 8/(-4) + 1*g?
2, 3, 11
Let f = 7459 - 5326. What are the prime factors of f?
3, 79
Let s(u) = -u**2 - u + 461. Let c be s(0). Suppose -8*g = -435 - c. What are the prime factors of g?
2, 7
Let g(n) = -n**2 + 0*n**2 + 18*n**3 + 11 - 10. Suppose -4 + 1 = -3*y. What are the prime factors of g(y)?
2, 3
Let f(r) = -r**3 - 16*r**2 + 24*r + 20. What are the prime factors of f(-18)?
2, 59
Let x(b) = b + 20. Let g be x(0). Let w be (g - 20)/(-1 + 2). Suppose -2*l + 37 + 13 = w. What are the prime factors of l?
5
Suppose 59*z - 58*z = 109. List the prime factors of z.
109
Let a(m) = 23 - m**2 + 0*m**2 + 0 - 4*m. Let z be a(-10). Let p = z + 66. List the prime factors of p.
29
Let d(v) = -7*v**2 + 184*v + 15. List the prime factors of d(22).
3, 5
Let t(b) = -3*b**3 - 4*b**2 + 20*b - 16. What are the prime factors of t(-6)?
2, 23
What are the prime factors of ((-668)/(-835))/((-2)/(-2175))?
2, 3, 5, 29
Suppose -5734 = -5*v + 4*y - 0*y, -v = y - 1145. What are the prime factors of v?
2, 3, 191
Suppose 0 = -c + 5, d + 5*c + 940 - 4312 = 0. List the prime factors of d.
3347
Let w(y) = 81*y**3 - y - 2. Let l be w(2). Suppose -4*f = 260 - l. What are the prime factors of f?
2, 3
Let a = -15 + 39. Suppose 15*j - a*j = -1017. What are the prime factors of j?
113
Let d = 69 + -64. Suppose -650 = -d*s - 5*v, -4*v + 155 = s + 28. List the prime factors of s.
131
Suppose -l = -3*l + m - 41, 85 = -5*l - m. Let z = l - -149. List the prime factors of z.
131
Let m = -200 + 942. List the prime factors of m.
2, 7, 53
Suppose 4*g + 2*b - 4 = 6, -2*g + 11 = -5*b. Suppose -g*j - 3*p + 2*p = -306, 2*j = -5*p + 204. List the prime factors of j.
2, 3, 17
Let r = 2318 - 1355. List the prime factors of r.
3, 107
Suppose m = 2*m. Suppose -2*f = -3*r + 2*f + 1, m = 3*r + 4*f - 41. What are the prime factors of r?
7
Let t(j) = 1. Let i(l) = 2*l - 2. Let r(p) = -i(p) - 4*t(p). Let q be r(-2). Suppose 3*d - 8 = q*d. What are the prime factors of d?
2
Suppose -4*k = k. Suppose k = 3*t - 2*s - 10, 0*s + 4*s = t - 20. Suppose a + 14 - 52 = t. List the prime factors of a.
2, 19
Suppose 13*d + 7434 = 17*d - 2*a, -4*a = 3*d - 5559. What are the prime factors of d?
3, 619
Let n(r) = 6*r**2 - 27. Let y(b) = 5*b**2 + b - 27. Let u(o) = -4*n(o) + 5*y(o). List the prime factors of u(8).
7, 11
Suppose -r + 1643 - 547 = 4*q, 3*r = 4*q - 1080. List the prime factors of q.
3, 7, 13
Let o(u) = -u**3 - 2*u**2 - 3*u - 2. Let m be o(-2). Let a = -16 - -24. Suppose m*q = a + 8. List the prime factors of q.
2
Let k(o) = -2*o**2 + 7*o - 2. Let h be k(3). Let v(a) = 3*a - 1. List the prime factors of v(h).
2
List the prime factors of (-15)/(75/1130)*70/(-4).
5, 7, 113
Let q(l) = 2*l. Let i be q(-7). Let d(f) = f**2 + f + 1. Let b be d(-5). Let k = i + b. What are the prime factors of k?
7
Let s(t) = t**2 + 18*t - 56. What are the prime factors of s(19)?
647
Let y(c) = -c**3 - 5*c**2 + 7. Let a be y(-5). Let n(q) = q**3 - 3*q**2 + 3*q + 17. What are the prime factors of n(a)?
2, 3, 13
List the prime factors of -2 + (956 - 18/(-2)).
3, 107
What are the prime factors of (23 - 11)/(4/220)?
2, 3, 5, 11
Let p = -59 + 35. Let d = p - -14. What are the prime factors of (-2 - -4)/(d/(-15))?
3
Suppose 225 = -6*p + 1353. Suppose 5*a - 62 = p. List the prime factors of a.
2, 5
Let f = 4 - 2. Suppose -2*s = f - 8. Suppose -h - 121 = -4*l - 2, 3*h = s. What are the prime factors of l?
2, 3, 5
Suppose -14*h + 15535 = -3785. List the prime factors of h.
2, 3, 5, 23
List the prime factors of (-12 + -267 + -1)/(2/(-14)).
2, 5, 7
List the prime factors of (861/9 - -7)*6.
2, 7, 11
Let n(v) = 18*v**3 + 105*v**2 - 4*v + 4. List the prime factors of n(-5).
3, 7, 19
Let v = -685 - -1008. What are the prime factors of v?
17, 19
Let g(z) = 3*z**2 - 27*z + 29. Let l be g(8). Let p = -243 + 410. Suppose 4*t + f - p = -4*f, 3*f = -l*t + 199. List the prime factors of t.
2, 19
Suppose 6*w - 5 = 5*w. Suppose 0 = 4*k - 14 - 2. Suppose w*f + 5*l = -24 + 169, -2*l = k*f - 110. List the prime factors of f.
2, 13
Suppose -8 = p + 3*f, 4*p + f = -0*f - 10. What are the prime factors of (p/(-6))/(5/90)?
2, 3
Let k = 52 + -32. Let u be 1*37 + 1 + -2. What are the prime factors of (u/10)/(6/k)?
2, 3
List the prime factors of ((-306)/(-3))/((2 - 3) + 2).
2, 3, 17
Let g(k) = -k**3 + 5*k**2 - 4*k - 2. Let r be g(4). Let s be 0/(-1) - (-2 - r). Suppose -5*p = -s*p - 40. List the prime factors of p.
2
Let i(h) = 3*h. Let y be i(1). Suppose y*w - 192 = 147. Suppose 4*a - 3*k = w - 16, 10 = 2*k. List the prime factors of a.
2, 7
What are the prime factors of -20*(164/(-16))/1?
5, 41
Suppose 415 = -2*k + 7*k. Suppose 0 = -86*z + k*z + 330. What are the prime factors of z?
2, 5, 11
Suppose 86193 = 51*t + 10*t. What are the prime factors of t?
3, 157
Let y = -9 + 11. Suppose 214 = 4*w - p, -y*p + 29 = w - 20. List the prime factors of w.
53
Let g(a) = -a**3 + 5*a**2 + 6. Let h be g(5). Suppose h - 60 = -2*b. Suppose -y = -3*c - 20, -2*y + b + 5 = 2*c. List the prime factors of y.
17
Let m = 1049 + -503. What are the prime factors of m?
2, 3, 7, 13
Suppose 0 = m - 2*m + 3, 2*g = -m + 137. Let l = -17 + g. What are the prime factors of l?
2, 5
Let q(m) = -6*m + 1. Let v(u) = -7*u. Suppose 6*o - 3*o - 15 = 0. Let f(g) = o*q(g) - 4*v(g). What are the prime factors of f(-11)?
3
Suppose -u + 17 = -8. Suppose -10 - u = -2*d + o, 0 = 5*d - 2*o - 88. List the prime factors of d.
2, 3
Let h = -96 + 100. Suppose -h*x - 32 = -372. What are the prime factors of x?
5, 17
Suppose 5*h + 2*l - 1032 = 0, 5*h - 12*l - 1060 = -7*l. What are the prime factors of h?
2, 13
Let g(c) = -5*c + 1. Let o(k) = -k + 1. Let i(v) = -v + 4. Let z(j) = -i(j) + 2*o(j). Let a be z(6). List the prime factors of g(a).
41
Let b(o) = o**3 - 5*o**2 - 3. Let k be b(7). Suppose 0 = 4*y + k + 9. List the prime factors of y/(-91) + 584/14.
2, 3, 7
Let k = -11 + 16. Suppose -4*y = -k*v - 3*y + 581, v + 3*y - 129 = 0. What are the prime factors of v?
3, 13
Suppose 0 = 40*w - 33*w - 3773. What are the prime factors of w?
7, 11
Let r(p) = 74*p - 3. Let d(i) = -147*i + 7. Let s(q) = -2*d(q) - 5*r(q). List the prime factors of s(-1).
7, 11
Let z(m) = -14*m - 7*m**3 - 5 + 3*m**3 + 4*m**2 + 5*m**3. List the prime factors of z(-6).
7
Suppose i - 6*d + 3*d = 716, -d = 3*i - 2098. What are the prime factors of i?
701
Let o be (3/5)/(1/25). Suppose -5*a + 10 = -o. Suppose 0 = -a*m - 49 + 14